0212
Convert -534215 (base 6) to base 13.
-16b89
Convert 52210 (base 6) to base 11.
5285
-1 (base 13) to base 5
-1
What is 5b9 (base 15) in base 7?
3534
Convert -20a2 (base 12) to base 11.
-2763
Convert 1111101000 (base 2) to base 12.
6b4
Convert 31c5 (base 15) to base 12.
611b
What is 61dc (base 14) in base 15?
4ed9
What is -2a9 (base 14) in base 12?
-391
What is 11200201 (base 3) in base 13?
1732
What is -43d5 (base 15) in base 8?
-34047
Convert 356a (base 13) to base 11.
5720
What is 103 (base 13) in base 7?
334
-260051 (base 7) to base 10
-48056
-1765 (base 11) to base 4
-203021
What is -8d42 (base 14) in base 8?
-57756
2221022 (base 3) to base 6
13525
Convert -21 (base 3) to base 16.
-7
-414b (base 12) to base 6
-52535
10202 (base 4) to base 15
145
-13277 (base 11) to base 15
-5940
b58 (base 13) to base 12
1150
Convert 31000311 (base 4) to base 11.
37056
-2624 (base 15) to base 13
-3919
What is 3488 (base 9) in base 12?
15bb
11154 (base 8) to base 3
20110200
What is -4d7 (base 15) in base 10?
-1102
What is 145c (base 13) in base 16?
b86
What is 423 (base 12) in base 5?
4403
Convert -27dd (base 15) to base 4.
-2011111
What is -822 (base 13) in base 2?
-10101100100
-318 (base 12) to base 3
-121202
What is 12718 (base 14) in base 13?
17806
What is -11134 (base 5) in base 3?
-1002102
469 (base 10) to base 2
111010101
Convert 130742 (base 8) to base 10.
45538
Convert 21010 (base 4) to base 10.
580
Convert -225151 (base 6) to base 13.
-8a1c
Convert -11111 (base 4) to base 2.
-101010101
What is 45740 (base 9) in base 14?
b180
-160 (base 9) to base 5
-1020
What is 311232 (base 4) in base 8?
6556
1431240 (base 5) to base 10
30195
Convert -1000100110010110 (base 2) to base 11.
-24510
What is 4c5 (base 13) in base 10?
837
-6e (base 16) to base 9
-132
1650 (base 8) to base 2
1110101000
-5ba5 (base 15) to base 12
-b355
What is -13e5 (base 16) in base 11?
-3910
Convert -565 (base 8) to base 16.
-175
-1416 (base 13) to base 4
-231030
What is 14305 (base 7) in base 3?
12101101
What is -57d (base 16) in base 5?
-21110
Convert 121000200 (base 3) to base 16.
2da2
-101110000010 (base 2) to base 13
-1458
-1000123 (base 5) to base 11
-1084a
-1712 (base 9) to base 7
-3545
488 (base 12) to base 3
221012
What is -27a (base 14) in base 7?
-1313
Convert 20212 (base 3) to base 16.
b9
Convert -110111001 (base 2) to base 8.
-671
Convert -221233 (base 4) to base 15.
-bd1
Convert 2520 (base 6) to base 12.
440
Convert -d0a (base 16) to base 4.
-310022
10221314 (base 5) to base 10
85834
What is 31c (base 13) in base 4?
20110
52a (base 14) to base 4
33322
What is 8703 (base 9) in base 10?
6402
Convert 55273 (base 8) to base 15.
6d37
Convert 3112213 (base 4) to base 15.
410a
28bd (base 14) to base 8
16067
What is -a2eb (base 15) in base 13?
-1288a
16641 (base 8) to base 6
55041
3326 (base 7) to base 15
54b
Convert 2260 (base 7) to base 11.
691
-a06 (base 15) to base 16
-8d0
Convert 212341 (base 5) to base 12.
4219
-1250 (base 9) to base 12
-660
What is -7734 (base 9) in base 12?
-3371
What is -12b46 (base 14) in base 8?
-132052
What is -14074 (base 11) in base 3?
-1000111110
Convert 21220 (base 3) to base 2.
11010101
What is 11210 (base 4) in base 12?
258
61701 (base 10) to base 15
13436
What is 772 (base 12) in base 11?
905
-66550 (base 7) to base 5
-1013434
-290 (base 14) to base 16
-206
Convert 2011221 (base 3) to base 8.
3067
What is -131431 (base 8) in base 12?
-22649
Convert 5 (base 8) to base 14.
5
Convert 1625 (base 8) to base 10.
917
4305 (base 6) to base 8
1721
-1791 (base 14) to base 3
-12211011
Convert -12032 (base 4) to base 3.
-112202
15dc (base 15) to base 4
1021203
24687 (base 9) to base 5
1012403
What is 110111111 (base 2) in base 5?
3242
501b (base 13) to base 16
2b01
What is -1010000101110010 (base 2) in base 16?
-a172
What is -213 (base 10) in base 3?
-21220
Convert 326 (base 7) to base 14.
bd
What is -15212 (base 7) in base 13?
-1bcb
Convert 11011111001000 (base 2) to base 12.
8320
What is 145763 (base 8) in base 15?
1070b
Convert 101100120 (base 3) to base 5.
220143
Convert 211002111 (base 3) to base 7.
64645
335 (base 14) to base 2
1001111011
Convert 838 (base 9) to base 12.
48b
Convert 1454 (base 6) to base 9.
477
120031 (base 5) to base 9
6018
-33123222 (base 4) to base 6
-1204350
What is 169 (base 15) in base 13?
1bc
-13 (base 9) to base 5
-22
What is -bd3 (base 14) in base 7?
-6553
-13231 (base 4) to base 8
-755
Convert -333120 (base 4) to base 3.
-12120020
What is 49dd (base 16) in base 12?
ab39
53b (base 12) to base 15
362
Convert b47 (base 14) to base 3.
10001012
What is 113123 (base 4) in base 5?
21444
What is -31421 (base 5) in base 13?
-c65
Convert 22003 (base 4) to base 13.
3a6
What is 2024 (base 6) in base 7?
1210
2c9 (base 15) to base 7
1602
What is b99 (base 12) in base 3?
2100000
What is -1584 (base 10) in base 4?
-120300
Convert 24321 (base 5) to base 12.
1090
770 (base 14) to base 6
10450
What is 1635 (base 7) in base 14?
355
What is b74 (base 14) in base 13?
1049
-6556 (base 12) to base 8
-25622
Convert -5546 (base 14) to base 16.
-39aa
Convert -6a (base 16) to base 3.
-10221
What is -1629 (base 12) in base 16?
-a41
What is -5088 (base 9) in base 5?
-104400
What is -242 (base 16) in base 2?
-1001000010
What is 2676 (base 9) in base 12?
11b9
Convert 34256 (base 7) to base 8.
21012
-2202212000 (base 3) to base 5
-3221232
Convert -4689 (base 13) to base 14.
-3883
What is -612 (base 8) in base 13?
-244
Convert 273b (base 12) to base 6.
32515
Convert 2220022 (base 4) to base 3.
112202121
Convert 6052 (base 7) to base 6.
13411
What is 40 (base 13) in base 3?
1221
What is 113010 (base 4) in base 10?
1476
-110110100 (base 2) to base 12
-304
Convert -110020 (base 3) to base 5.
-2310
What is 61 (base 9) in base 11?
50
Convert -24485 (base 9) to base 10.
-16439
Convert 11c (base 14) to base 9.
266
What is -7114 (base 8) in base 13?
-1887
Convert 55a (base 11) to base 4.
22132
119a (base 12) to base 13
ba1
5697 (base 16) to base 6
250343
What is a02 (base 14) in base 7?
5502
-1c49 (base 13) to base 4
-1002332
Convert 69 (base 16) to base 11.
96
What is -10024310 (base 5) in base 16?
-13853
8665 (base 9) to base 4
1203221
What is 1231212 (base 4) in base 9?
10553
Convert -136623 (base 8) to base 11.
-3350a
What is -30302 (base 4) in base 16?
-332
-2332000 (base 4) to base 10
-12160
-1222212 (base 3) to base 5
-21304
What is -1235 (base 6) in base 2?
-100110111
Convert 1101010001000100 (base 2) to base 7.
314266
-1020100021 (base 3) to base 13
-b0aa
What is 130 (base 6) in base 7?
105
What is -110101111011101 (base 2) in base 4?
-12233131
Convert 12b5 (base 12) to base 11.
1688
-4003 (base 8) to base 4
-200003
What is -2816 (base 9) in base 15?
-966
6874 (base 10) to base 11
518a
What is 104114 (base 5) in base 3?
12000112
What is 12582 (base 10) in base 9?
18230
What is 1a70 (base 11) in base 2?
101000111010
Convert -176e (base 15) to base 5.
-130204
-11222 (base 4) to base 13
-21b
Convert -2922 (base 12) to base 7.
-16634
-217b (base 13) to base 9
-6353
-1200121 (base 3) to base 2
-10011001111
-19529 (base 10) to base 12
-b375
Convert 110011101100100 (base 2) to base 7.
140111
Convert -11626 (base 8) to base 11.
-3849
What is 3154 (base 16) in base 14?
4860
Convert -583 (base 12) to base 2.
-1100110011
What is 2 (base 15) in base 4?
2
What is 1010122 (base 3) in base 5?
11302
523 (base 14) to base 13
5ca
-21342 (base 10) to base 15
-64cc
Convert -8607 (base 15) to base 10.
-28357
Convert 17 (base 16) to base 8.
27
What is -13615 (base 7) in base 14?
-150c
What is -111001011110100 (base 2) in base 12?
-15044
Convert 4330 (base 6) to base 10.
990
What is -11122202 (base 3) in base 9?
-4582
Convert -1151 (base 9) to base 13.
-50b
What is -104013 (base 5) in base 11?
-2803
Convert 292 (base 13) to base 14.
249
What is -268 (base 12) in base 5?
-2433
What is -1312 (base 4) in base 11?
-a8
What is 224 (base 13) in base 15?
198
Convert 334543 (base 6) to base 4.
12321333
Convert -5647 (base 13) to base 4.
-2330122
Convert 1418 (base 9) to base 5.
13240
What is -8724 (base 9) in base 11?
-4908
2406 (base 14) to base 11
4798
Convert 1605 (base 7) to base 15.
2cc
What is 1105 (base 7) in base 9?
481
What is -1177 (base 11) in base 9?
-2086
-8217 (bas